ded by y?
14
Let w = -1158 - -1330. What is the remainder when w is divided by 48?
28
Let k = -1934 + 1948. Calculate the remainder when k is divided by 8.
6
Suppose -27*b + 10678 = 3172. What is the remainder when b is divided by 31?
30
Let o(h) = -6*h + 23. Let y be o(4). Calculate the remainder when 4 is divided by -6 - -7 - y*2.
1
Suppose -a + 323 = 5*b, 6*a - 3*a - 5*b = 1069. What is the remainder when a is divided by 13?
10
Let p(t) = 37*t**2 + 3*t**3 - 56*t**2 - 4*t**3 + 29*t**2 + 2. What is the remainder when p(6) is divided by 21?
20
Suppose 3*d = 4*d + 5*m - 370, 3*m = 2*d - 675. What is the remainder when d is divided by 29?
26
Let s(p) = -2*p**3 + 51*p**2 - 68*p - 23. Calculate the remainder when s(24) is divided by 4.
1
Suppose -4*j = -12*j + 1000. Suppose -411 = -8*h + j. Calculate the remainder when h is divided by 14.
11
Let b = -533 - -550. Suppose 2*n - 26 = n. What is the remainder when n is divided by b?
9
Let i = 47 - 24. Calculate the remainder when -24*((-23)/4 - -4) is divided by i.
19
Let x(z) = 7*z + 27 - 8*z**2 - 2*z**2 + 6*z + 11*z**2. Calculate the remainder when 42 is divided by x(-11).
2
Let c = -7 - -14. Let g(s) = s**2 + s - 2. Let o be g(2). What is the remainder when (-1 + 89)/o - -4 is divided by c?
5
Let l = 21 - 1. Suppose -8*j + 3*j + 68 = -2*q, 4*j + 3*q - 59 = 0. Suppose 2*a + 2 = r - 0*a, j = r + 4*a. What is the remainder when l is divided by r?
2
Let r = -13 - -9. What is the remainder when 167 is divided by 24/(-18)*(-6)/r + 36?
31
Let m(i) = i**3 + 8*i**2 - 24*i - 17. Suppose -26*o = -32*o - 60. What is the remainder when m(o) is divided by 2/(30/26 + -1)?
10
Let t(h) = -h**2 - 3 + 0 + 8*h - 3 + 2. What is the remainder when t(6) is divided by 3?
2
Let u = -569 + 600. Calculate the remainder when u is divided by 23.
8
What is the remainder when 64 is divided by (-2)/9 + -9 + (-2691)/(-81)?
16
Let m = 5 - -4. Calculate the remainder when (-162)/((-297)/11)*(-230)/(-12) is divided by m.
7
Let g = 14 - -1. Let b = g + 28. What is the remainder when b is divided by 9?
7
Let m = -194 - -102. Calculate the remainder when m*(51/(-12) - -4) is divided by 5.
3
Let g(i) = i**3 - 7*i**2 + 10*i - 10. Let d be g(7). Let v = 110 - d. Let o = 16 + -3. Calculate the remainder when v is divided by o.
11
Let l = -42 + 193. Suppose 151 = 2*i - l. Calculate the remainder when i is divided by 38.
37
Suppose 29 = -15*r + 329. Suppose 3*h = -g + r, -h - 4*g = 10 - 24. What is the remainder when 22 is divided by h?
4
Let v(c) = c**3 - 2*c + 11. Let n be v(0). Suppose -6*j = -73 - n. What is the remainder when 39 is divided by j?
11
Let b = -11 - -19. Let p = b + -5. Suppose 4*a = 5*u + 186, -p*a - 4*u = a - 204. Calculate the remainder when a is divided by 13.
10
Suppose 0 = -44*i + 42*i + 3*u + 73, -i - 4*u = -42. What is the remainder when 1175 is divided by i?
35
Let k(c) = -8*c + 4. Let b be k(2). What is the remainder when 142 is divided by 84/(-6)*b/7?
22
Suppose -58*u + 76*u = 432. What is the remainder when u is divided by 3?
0
Let a(s) = s**3 - 3*s**2. Let p be a(3). Suppose -d - 4 = p, 3*d + 4 = -4*u + 16. Calculate the remainder when 35 is divided by u.
5
What is the remainder when 166 is divided by (7/4)/(5/240)?
82
Suppose -16 = -a - 3*a. Let f(i) = -4*i + 9. Let h be f(a). Calculate the remainder when 23 is divided by (-4 - (-2 + h)) + 0.
3
Let a(j) = j**3 + 10*j**2 + 12*j + 6. Let n = 76 + -56. Calculate the remainder when a(-8) is divided by n.
18
Let o be (1035/(-18))/(2/(-4)). Let t = o + -54. Let f = -35 + t. Calculate the remainder when f is divided by 10.
6
Let m(o) = -119*o + 17. Let j(n) = n**3 - 4*n**2 + n + 4. Let s be j(2). Calculate the remainder when m(s) is divided by 16.
15
Let y(t) be the first derivative of 14*t**3/3 - 5*t**2/2 - 6*t - 9. Calculate the remainder when y(-2) is divided by 16.
12
Let d be ((-128)/(-6))/(38/18 - 2). Suppose -2*p - 2*p + 180 = 4*b, 0 = -4*p + 2*b + d. Calculate the remainder when p is divided by 25.
22
Suppose 0*r = 5*j - 5*r - 300, 0 = -r - 5. Calculate the remainder when 176 is divided by j.
11
Let u(l) = 12*l**2 + l - 2. Suppose -2*m - 2*w = 8, 0 = 2*m + 5*w + 2. Let c(z) = 2*z**2 + 8*z + 7. What is the remainder when c(m) is divided by u(1)?
9
Let y = -87 - -91. Suppose 0 = v + y*v - 205. Let d = 52 + -31. Calculate the remainder when v is divided by d.
20
Suppose 33 = -5*z - 17. Let w(r) = -10*r + 92. What is the remainder when w(5) is divided by (-7 - -1)/(4/z)?
12
Let r = -5 + 20. Suppose -4*k = 5*z - 68, -3*k + 68 = k - 4*z. Calculate the remainder when (9 - r) + 54 + 0 is divided by k.
14
Let f(t) = -9*t + 2 + 12*t - 1 + 16*t. Let v be f(1). Calculate the remainder when 58 is divided by (-3 - (-45)/12)*v.
13
Let q(x) = -2*x + 0*x + 4*x - 7 + 3. Calculate the remainder when q(10) is divided by 6.
4
Let p(m) be the third derivative of 13*m**4/12 + m**3/6 - 8*m**2. Calculate the remainder when p(1) is divided by 15.
12
Suppose 0 = -4*d + 1496 - 616. What is the remainder when d is divided by 76?
68
Suppose 0 = 20*w - 15*w - 15. Suppose -3 = w*q, 3*q = -2*v + 4*q + 219. Calculate the remainder when v is divided by 16.
13
Suppose -21*v + 9 = -20*v. What is the remainder when 27 is divided by v?
0
Let x be (-3)/2*(-24)/9. Suppose 0*p + 4*p - 36 = -4*r, x*p - 18 = -2*r. Calculate the remainder when 23 is divided by r.
5
What is the remainder when 50 is divided by (6/8)/((-99)/(-2508))?
12
Suppose 32 = 4*c + 4*p, -24 = -4*c + 3*p - 6. What is the remainder when 173 is divided by c?
5
Let n = 43 + -41. Suppose n*r - 46 = -0. Calculate the remainder when r is divided by 14.
9
Suppose -5*n + 4 + 16 = 0. Suppose -16 - 16 = -n*h. Suppose -3*q - 3*f = -129, -3*q = -5*f - 79 - 10. Calculate the remainder when q is divided by h.
6
Let k be 0 - (0 + 0 + 852). What is the remainder when k/(-21) - 9/(-21) is divided by 22?
19
Let f = 2236 + -1914. What is the remainder when f is divided by 5?
2
Let x be -3 - (7/21 - (-658)/6). What is the remainder when 91 is divided by (-18)/(-45) + x/(-5)?
22
Suppose -5*i + 0*u + 4 = 2*u, i + 3*u = -7. Suppose 25 = i*w - 17. Calculate the remainder when (-309)/(-5) - (-2)/(-40)*-4 is divided by w.
20
Let d = 65 - 42. Let s = d - 9. Calculate the remainder when 22 is divided by s.
8
Let p = -1025 + 1204. Calculate the remainder when p is divided by 10.
9
Suppose -16*c = -13*c - 63. Suppose -19*q - 26 = -c*q. What is the remainder when 44 is divided by q?
5
Let v = -179 - -298. What is the remainder when v is divided by -8 + (4/6)/(2/147)?
37
Suppose 3*b - b - 22 = 0. Suppose -57*w + 61*w = 16. What is the remainder when b is divided by w?
3
Suppose 53*i = 47*i + 798. What is the remainder when i is divided by 30?
13
Let k = 384 + -376. What is the remainder when 51 is divided by k?
3
Suppose 7206*c + 63 = 7215*c. Suppose -3*n + 69 = -3*m, -n - 23 = -2*n + 5*m. Let i = 34 - n. Calculate the remainder when i is divided by c.
4
Let g(d) = -2*d + 8. Suppose n + 3*q = 3*n + 12, 5*n = -3*q + 12. Let i be g(n). Let z = 35 - i. Calculate the remainder when 51 is divided by z.
24
Let w(v) = -27*v + 65. Calculate the remainder when 257 is divided by w(0).
62
Let t(y) = 2*y**3 - 4*y**2 + 2*y - 7. Suppose 22 + 5 = 9*i. Calculate the remainder when t(i) is divided by 10.
7
Suppose 8*w - 2811 - 725 = 0. Calculate the remainder when w is divided by 109.
6
Suppose -4*l + 20 = 4*v, -v - 3*l + 7 = v. Calculate the remainder when 14 is divided by v.
6
Let f = 143 - 123. Calculate the remainder when 259 is divided by f.
19
Suppose 3*w = -12, -4*w = -2*k - w + 12. Suppose k = 36*p - 31*p - 130. Calculate the remainder when 47 is divided by p.
21
Let j = -19 - -10. Let q = -15 - j. Let k = 17 + q. What is the remainder when 21 is divided by k?
10
Let d = 286 - 241. What is the remainder when d is divided by 10?
5
Let t = 0 + 1. Let o = 6 + t. Suppose -7 = -4*n + v, -7*n + 3*n = -2*v - 2. Calculate the remainder when o is divided by n.
1
Let w be ((-7)/14)/((-2)/(-28)). Let p(g) = g + 22. Calculate the remainder when p(w) is divided by 10.
5
Suppose 5 = 2*i - 3, 4*a + i = 44. Let p = a - 2. Suppose -17*m + 10 = -15*m. Calculate the remainder when p is divided by m.
3
What is the remainder when -9*((-10458)/27)/14 is divided by 25?
24
Let q = 1125 + -1121